e thousands digit of 43415?
3
What is the tens digit of 391?
9
What is the thousands digit of 5205?
5
What is the units digit of 1328?
8
What is the units digit of 6546?
6
What is the ten thousands digit of 32775?
3
What is the units digit of 13631?
1
What is the units digit of 1506?
6
What is the thousands digit of 19283?
9
What is the thousands digit of 7650?
7
What is the thousands digit of 59153?
9
What is the tens digit of 43225?
2
What is the hundreds digit of 20986?
9
What is the units digit of 515?
5
What is the tens digit of 154?
5
What is the units digit of 394?
4
What is the ten thousands digit of 31307?
3
What is the units digit of 4144?
4
What is the thousands digit of 4465?
4
What is the ten thousands digit of 88234?
8
What is the tens digit of 3975?
7
What is the thousands digit of 1961?
1
What is the hundreds digit of 772?
7
What is the ten thousands digit of 23169?
2
What is the hundreds digit of 5672?
6
What is the tens digit of 12304?
0
What is the units digit of 34295?
5
What is the thousands digit of 26973?
6
What is the thousands digit of 66161?
6
What is the ten thousands digit of 12768?
1
What is the hundreds digit of 1214?
2
What is the hundreds digit of 15328?
3
What is the hundreds digit of 3867?
8
What is the units digit of 4969?
9
What is the hundred thousands digit of 113301?
1
What is the hundreds digit of 12143?
1
What is the thousands digit of 5526?
5
What is the units digit of 15782?
2
What is the units digit of 5518?
8
What is the hundreds digit of 3913?
9
What is the units digit of 1603?
3
What is the hundreds digit of 38782?
7
What is the tens digit of 7498?
9
What is the ten thousands digit of 65180?
6
What is the tens digit of 23870?
7
What is the hundreds digit of 2950?
9
What is the ten thousands digit of 23489?
2
What is the ten thousands digit of 32550?
3
What is the ten thousands digit of 69686?
6
What is the units digit of 1665?
5
What is the tens digit of 22363?
6
What is the hundreds digit of 3368?
3
What is the thousands digit of 60850?
0
What is the ten thousands digit of 52555?
5
What is the hundreds digit of 1388?
3
What is the units digit of 1698?
8
What is the units digit of 3121?
1
What is the tens digit of 865?
6
What is the units digit of 20623?
3
What is the units digit of 5856?
6
What is the thousands digit of 3991?
3
What is the hundreds digit of 54182?
1
What is the units digit of 1271?
1
What is the tens digit of 79960?
6
What is the units digit of 2770?
0
What is the ten thousands digit of 115415?
1
What is the tens digit of 2252?
5
What is the hundreds digit of 2996?
9
What is the units digit of 4035?
5
What is the units digit of 33060?
0
What is the hundreds digit of 8462?
4
What is the units digit of 192?
2
What is the ten thousands digit of 50111?
5
What is the units digit of 11455?
5
What is the hundred thousands digit of 106295?
1
What is the thousands digit of 1219?
1
What is the hundreds digit of 1564?
5
What is the hundreds digit of 2285?
2
What is the tens digit of 17204?
0
What is the thousands digit of 38289?
8
What is the units digit of 80195?
5
What is the hundreds digit of 33615?
6
What is the units digit of 32661?
1
What is the thousands digit of 2442?
2
What is the thousands digit of 2352?
2
What is the units digit of 11953?
3
What is the thousands digit of 50078?
0
What is the ten thousands digit of 36493?
3
What is the thousands digit of 132503?
2
What is the units digit of 127051?
1
What is the thousands digit of 2081?
2
What is the thousands digit of 2077?
2
What is the tens digit of 3440?
4
What is the ten thousands digit of 30442?
3
What is the tens digit of 798?
9
What is the hundreds digit of 190?
1
What is the units digit of 3913?
3
What is the thousands digit of 1062?
1
What is the thousands digit of 98535?
8
What is the hundreds digit of 9024?
0
What is the tens digit of 197?
9
What is the tens digit of 4127?
2
What is the units digit of 645?
5
What is the tens digit of 162729?
2
What is the ten thousands digit of 24676?
2
What is the ten thousands digit of 43727?
4
What is the tens digit of 624?
2
What is the ten thousands digit of 24204?
2
What is the tens digit of 2045?
4
What is the tens digit of 678?
7
What is the tens digit of 2609?
0
What is the units digit of 1395?
5
What is the thousands digit of 5773?
5
What is the units digit of 102961?
1
What is the thousands digit of 23003?
3
What is the hundreds digit of 3932?
9
What is the tens digit of 39356?
5
What is the units digit of 462?
2
What is the thousands digit of 10948?
0
What is the units digit of 32546?
6
What is the tens digit of 540?
4
What is the hundreds digit of 37291?
2
What is the units digit of 16192?
2
What is the thousands digit of 2359?
2
What is the thousands digit of 3394?
3
What is the thousands digit of 44395?
4
What is the ten thousands digit of 11548?
1
What is the thousands digit of 2330?
2
What is the ten thousands digit of 10511?
1
What is the hundreds digit of 1626?
6
What is the thousands digit of 6173?
6
What is the thousands digit of 11965?
1
What is the ten thousands digit of 51543?
5
What is the tens digit of 74197?
9
What is the units digit of 7574?
4
What is the units digit of 3336?
6
What is the hundreds digit of 113?
1
What is the tens digit of 560?
6
What is the units digit of 5596?
6
What is the tens digit of 26648?
4
What is the hundreds digit of 2418?
4
What is the units digit of 1021?
1
What is the tens digit of 6782?
8
What is the units digit of 1825?
5
What is the hundreds digit of 589?
5
What is the tens digit of 22343?
4
What is the hundreds digit of 6661?
6
What is the thousands digit of 4839?
4
What is the hundreds digit of 2201?
2
What is the tens digit of 27231?
3
What is the units digit of 117553?
3
What is the tens digit of 12647?
4
What is the units digit of 2055?
5
What is the thousands digit of 6719?
6
What is the units digit of 1184?
4
What is the units digit of 9741?
1
What is the hundreds digit of 4089?
0
What is the thousands digit of 59164?
9
What is the hundreds digit of 680?
6
What is the thousands digit of 1446?
1
What is the tens digit of 5085?
8
What is the hundreds digit of 2321?
3
What is the units digit of 3449?
9
What is the ten thousands digit of 45129?
4
What is the thousands digit of 8639?
8
What is the tens digit of 4010?
1
What is the units digit of 2145?
5
What is the hundreds digit of 45534?
5
What is the units digit of 903?
3
What is the hundreds digit of 16229?
2
What is the hundreds digit of 85045?
0
What is the thousands digit of 9081?
9
What is the thousands digit of 51902?
1
What is the hundreds digit of 10179?
1
What is the hundreds digit of 15569?
5
What is the tens digit of 64423?
2
What is the hundreds digit of 261?
2
What is the units digit of 350?
0
What is the tens digit of 547?
4
What is the tens digit of 4706?
0
What is the tens digit of 6829?
2
What is the hundreds digit of 8905?
9
What is the tens digit of 63191?
9
What is the hundreds digit of 807?
8
What is the thousands digit of 5030?
5
What is the ten thousands digit of 27284?
2
What is the units digit of 39391?
1
What is the units digit of 57030?
0
What is the thousands digit of 5953?
5
What is the thousands digit of 11386?
1
What is the units digit of 14894?
4
What is the tens digit of 852?
5
What is the units digit of 263?
3
What is the tens digit of 69491?
9
What is the tens digit of 4944?
4
What is the thousands digit of 10515?
0
What is the tens digit of 26990?
9
What is the units digit of 10920?
0
What is the thousands digit of 20133?
0
What is the hundreds digit of 56685?
6
What is the units digit of 10624?
4
What is the hundreds digit of 218?
2
What is the tens digit of 58569?
6
What is the tens digit of 884?
8
What is the hundreds digit of 1025?
0
What is the tens digit of 51997?
9
What is the units digit of 5859?
9
What is the units digit of 2435?
5
What is the tens digit of 1125?
2
What is the units digit of 5221?
1
What is the thousands digit of 14723?
4
What is the units digit of 8052?
2
What is the ten thousands digit of 83868?
8
What is the units digit of 562?
2
What is the tens digit of 3641?
4
What is the tens digit of 452?
5
What is the thousands digit of 9763?
9
What is the units digit of 2183?
3
What is the thousands digit of 28